0111
In base 13, what is -1b2 + 4?
-1ab
In base 7, what is 0 + 1?
1
In base 10, what is 2224 + 2?
2226
In base 4, what is -1 + -232?
-233
In base 12, what is -a + 24?
16
In base 12, what is 5 - 11b2?
-11a9
In base 9, what is 135 + -101?
34
In base 6, what is -112 - -4?
-104
In base 8, what is -5 - 221?
-226
In base 4, what is 0 - -3130?
3130
In base 15, what is -204 - -5?
-1ee
In base 16, what is 6 + -20?
-1a
In base 16, what is 3 - 1cf?
-1cc
In base 7, what is 12314 - 5?
12306
In base 6, what is 12 - 34131?
-34115
In base 5, what is 124 - -2?
131
In base 10, what is 82 - 20?
62
In base 16, what is -3 - -6?
3
In base 5, what is -3 - -11210?
11202
In base 6, what is 0 - -14532?
14532
In base 16, what is -231 + -3?
-234
In base 15, what is 4 + e4?
e8
In base 7, what is 2335 + -2?
2333
In base 8, what is -6 + -2?
-10
In base 15, what is 4 + a93?
a97
In base 10, what is 9 - -140?
149
In base 13, what is c + -34c?
-340
In base 11, what is -8 - 556?
-563
In base 5, what is -211100 - 4?
-211104
In base 10, what is -332 + 2?
-330
In base 3, what is -2010 - -1200?
-110
In base 4, what is 1302 + -10?
1232
In base 6, what is -2300 + -10?
-2310
In base 8, what is 236 - -11?
247
In base 15, what is 28 + -64?
-3b
In base 12, what is 24 - -3?
27
In base 11, what is -3a - 2?
-41
In base 9, what is 83 + -4?
78
In base 9, what is -1 + 77?
76
In base 14, what is -50 + 45?
-9
In base 10, what is -36 - 16?
-52
In base 2, what is 1000 - -101000111?
101001111
In base 10, what is 1827 - 5?
1822
In base 14, what is -3192 - -5?
-318b
In base 3, what is 10022102 - -1?
10022110
In base 4, what is 102 - -330?
1032
In base 6, what is -4 + -10142?
-10150
In base 15, what is 4 - 1e?
-1a
In base 8, what is 304 + 20?
324
In base 15, what is 259 + -3?
256
In base 15, what is 2 - -32?
34
In base 6, what is 2 - 2111?
-2105
In base 14, what is -4 + -57?
-5b
In base 13, what is -7 + -ca?
-104
In base 10, what is -32 + 6?
-26
In base 4, what is 1 - -1312022?
1312023
In base 5, what is -10 + -11?
-21
In base 11, what is -6 - -82?
77
In base 16, what is 2b + -3?
28
In base 10, what is -11 - -31?
20
In base 8, what is 1 + -115?
-114
In base 13, what is 920 - -4?
924
In base 8, what is -3445 - 12?
-3457
In base 2, what is 1001 + -11111?
-10110
In base 5, what is 434 + 1034?
2023
In base 14, what is d - -a?
19
In base 6, what is 454 - -110?
1004
In base 11, what is 17449 - -1?
1744a
In base 2, what is 10101 - -101101001?
101111110
In base 11, what is -313 - -1?
-312
In base 3, what is -2002 + 111?
-1121
In base 2, what is 10 + -110001011?
-110001001
In base 2, what is 111000111011 + 100?
111000111111
In base 16, what is -89f - 4?
-8a3
In base 3, what is 11 + 2101?
2112
In base 11, what is 4 - -2?
6
In base 13, what is -6 - -94?
8b
In base 13, what is -29 - -36?
a
In base 13, what is 18b - 2?
189
In base 8, what is -3 + -2?
-5
In base 8, what is 5 + -63?
-56
In base 10, what is 4 - -967?
971
In base 8, what is 3220 - 2?
3216
In base 9, what is -8568 - 5?
-8574
In base 6, what is 43 - -21?
104
In base 5, what is -1 - -1300?
1244
In base 16, what is 45e - 14?
44a
In base 4, what is -2 - 10320?
-10322
In base 12, what is -15a + -5?
-163
In base 7, what is -12 - -141?
126
In base 10, what is -237 + 2?
-235
In base 4, what is 1 + -12133?
-12132
In base 2, what is -1101 - 1000011?
-1010000
In base 10, what is 22 + 517?
539
In base 3, what is -1000121 + 10?
-1000111
In base 9, what is 5 + -314?
-308
In base 12, what is -65 + 4?
-61
In base 4, what is 1 + 2103?
2110
In base 16, what is d4d - -3?
d50
In base 4, what is 2323 - 1?
2322
In base 11, what is 5 + -295?
-290
In base 9, what is 6 - 73?
-66
In base 16, what is -1b3a - 3?
-1b3d
In base 13, what is 3 + -69?
-66
In base 7, what is 2656 + 3?
2662
In base 3, what is 100 + 121102?
121202
In base 15, what is -128b + 3?
-1288
In base 15, what is 5 + 2?
7
In base 10, what is 3 - 446?
-443
In base 14, what is -20 - 0?
-20
In base 2, what is -10 - 1100110?
-1101000
In base 7, what is 3 + -2?
1
In base 6, what is 505 - 20?
445
In base 2, what is 10111 + -1001101?
-110110
In base 4, what is 30 + -3311?
-3221
In base 12, what is a + 44?
52
In base 10, what is -5 + 7?
2
In base 14, what is 0 - 168?
-168
In base 8, what is -20 - 27?
-47
In base 8, what is 336 + -3?
333
In base 3, what is -210112 - -1?
-210111
In base 2, what is -1000010001100 + 11?
-1000010001001
In base 4, what is 10 + -1001?
-331
In base 3, what is -1221 + 10200?
1202
In base 3, what is 2 - 1001002?
-1001000
In base 6, what is 3 + 3521?
3524
In base 15, what is -479 - 0?
-479
In base 6, what is 1521 + -34?
1443
In base 13, what is 3 - -62c?
632
In base 10, what is 4 - 201?
-197
In base 15, what is 0 + -138?
-138
In base 2, what is -101 - -110101111?
110101010
In base 11, what is 0 + 11?
11
In base 5, what is -2 - 20334?
-20341
In base 5, what is -2 - 34013?
-34020
In base 4, what is -11002 - -2?
-11000
In base 2, what is 100000010 + 111?
100001001
In base 4, what is -132030 + -1?
-132031
In base 3, what is -21 - -1101?
1010
In base 14, what is -5 + -46?
-4b
In base 8, what is 1 - 103?
-102
In base 8, what is -222 + 1?
-221
In base 12, what is 7a + -213?
-155
In base 8, what is -1177 - -7?
-1170
In base 14, what is 15 + -49?
-34
In base 14, what is 3 + c8?
cb
In base 2, what is -10111101 - 0?
-10111101
In base 8, what is -5 - 667?
-674
In base 7, what is 1 + 20?
21
In base 3, what is -21 + 1002?
211
In base 11, what is 640 + -2?
639
In base 15, what is 1e94 + -1?
1e93
In base 3, what is -12001010 + 0?
-12001010
In base 11, what is -304 + -4?
-308
In base 6, what is -1 + 1244?
1243
In base 13, what is -63 - -11?
-52
In base 7, what is -11 + -1450?
-1461
In base 11, what is -19 - 45?
-63
In base 9, what is 4 + 663?
667
In base 6, what is 4 - 15053?
-15045
In base 6, what is -20 - 2222?
-2242
In base 8, what is 14626 - -4?
14632
In base 7, what is 3560 + 20?
3610
In base 15, what is 25e - 0?
25e
In base 6, what is -253 - 13?
-310
In base 15, what is -2db7 - 3?
-2dba
In base 12, what is 3 + 395?
398
In base 11, what is -5 + -94?
-99
In base 15, what is 16 - c?
9
In base 3, what is 10221 - 1?
10220
In base 16, what is -3 + -254?
-257
In base 4, what is 33122 + 0?
33122
In base 8, what is 124273 - -1?
124274
In base 9, what is -7433 + -4?
-7437
In base 10, what is -6 - -838?
832
In base 6, what is -21 - -154?
133
In base 13, what is -3 + 962?
95c
In base 15, what is 17b + -2?
179
In base 13, what is 7 - 6?
1
In base 6, what is -2 - 10324?
-10330
In base 7, what is -5 - -2364?
2356
In base 10, what is -2524 + -5?
-2529
In base 6, what is -21115 + 2?
-21113
In base 13, what is -1c8 + 9?
-1bc
In base 13, what is 5 + c1?
c6
In base 12, what is a34 + 3?
a37
In base 15, what is 11 + 15?
26
In base 12, what is -b4 + 67?
-49
In base 16, what is b941 + 3?
b944
In base 6, what is -1121 + -43?
-1204
In base 8, what is 3 - 16?
-13
In base 15, what is 5 + 989?
98e
In base 11, what is -132 + -1a?
-151
In base 14, what is -174 - -5?
-16d
In base 12, what is -16 - -4?
-12
In base 8, what is 5 - 43?
-36
In base 15, what is 2 + 16a?
16c
In base 6, what is 135 + 423?
1002
In base 2, what is 111 + 10?
1001
In base 6, what is -4 + -11305?
-11313
In base 6, what is 10311 + 5?
10320
In base 3, what is 12000 + 2?
12002
In base 8, what is -150 + -6?
-156
In base 2, what is -1 + -10111?
-11000
In base 9, what is 15351 - -1?
15352
In base 12, what is 3 - 409?
-406
In base 15, what is 1d - -44?
62
In base 15, what is -1a - 1b?
-36
In base 16, what is -211 + -1?
-212
In base 13, what is -129 + -3?
-12c
In base 10, what is -4 - -3?
-1
In base 15, what is 1 + 0?
1
In base 14, what is 2 + -8b?
-89
In base 3, what is -202 - 1?
-210
In base 14, what is -c - 4b?
-59
In base 8, what is 3672 + -5?
3665
In base 9, what is 7 + -56?
-48
In base 4, what is -113113 - 10?
-113123
In base 6, what is 4 - 315?
-311
In base 10, what is 944 + -3?
941
In base 10, what is 936 - 1?
935
In base 13, what is -5915 - -2?
-5913
In base 14, what is 1 + b7?
b8
In base 14, what is 8 - -7?
11
In base 15, what is 3 - -4b?
4e
In base 8, what is 304 + 54?
360
In base 2, what is -10111000000100 + -100?
-10111000001000
In base 11, what is -191 + 5?
-187
In base 4, what is -310 - 211?
-1121
In base 14, what is -3 - -28d?
28a
In base 8, what is 6761 - 5?